late the greatest common divisor of 301 and 16469.
43
Calculate the greatest common factor of 185874 and 130.
26
Calculate the greatest common divisor of 5665 and 715.
55
What is the highest common factor of 458 and 71677?
229
Calculate the highest common factor of 25932 and 588.
12
Calculate the greatest common factor of 154 and 843062.
22
Calculate the highest common factor of 49 and 430416.
49
Calculate the highest common divisor of 169820 and 6440.
140
Calculate the highest common factor of 625 and 685.
5
Calculate the highest common factor of 8332 and 1044.
4
What is the greatest common factor of 6 and 12694?
2
Calculate the highest common divisor of 17787 and 903.
21
Calculate the highest common divisor of 11417 and 9.
1
Calculate the highest common factor of 20 and 699370.
10
Calculate the greatest common factor of 87 and 1334.
29
What is the greatest common factor of 167958 and 2236?
86
What is the greatest common factor of 656726 and 7?
7
What is the greatest common factor of 22 and 286770?
22
Calculate the highest common factor of 39 and 27399.
3
What is the highest common factor of 80 and 24540?
20
What is the greatest common factor of 6400 and 8980?
20
What is the highest common factor of 616 and 32?
8
Calculate the greatest common factor of 1118 and 1726751.
559
Calculate the highest common divisor of 340940 and 80.
20
What is the greatest common divisor of 47 and 2499131?
47
What is the highest common divisor of 9975 and 321300?
525
Calculate the highest common factor of 31 and 1369611.
31
What is the highest common divisor of 42488 and 53336?
904
What is the highest common factor of 3126 and 425657?
521
Calculate the greatest common factor of 611310 and 5112.
426
Calculate the highest common divisor of 6222 and 17934.
366
Calculate the greatest common factor of 188 and 179164.
188
Calculate the greatest common divisor of 3655 and 823106.
731
Calculate the highest common factor of 86 and 1816148.
86
What is the highest common divisor of 7884 and 1836?
108
What is the greatest common divisor of 42189 and 155841?
861
What is the highest common factor of 110 and 206470?
110
Calculate the highest common factor of 1269562 and 742.
742
What is the highest common factor of 7729 and 120389?
131
Calculate the greatest common divisor of 18 and 10086.
6
Calculate the greatest common factor of 320 and 7165.
5
Calculate the highest common divisor of 1048 and 20567.
131
What is the greatest common divisor of 58534 and 4662?
518
Calculate the greatest common divisor of 426303 and 49248.
1539
Calculate the greatest common divisor of 26508 and 18504.
12
Calculate the highest common factor of 522 and 1206.
18
What is the greatest common factor of 60252 and 12?
12
What is the highest common divisor of 258 and 18?
6
What is the greatest common divisor of 38 and 9481?
19
What is the greatest common factor of 358 and 513014?
358
What is the highest common divisor of 752 and 80?
16
Calculate the highest common divisor of 494 and 1523743.
247
What is the greatest common factor of 420020 and 20?
20
Calculate the highest common factor of 80 and 31224.
8
What is the greatest common factor of 60 and 1257460?
20
Calculate the greatest common factor of 252 and 39756.
12
Calculate the greatest common factor of 345670 and 1040.
130
What is the highest common divisor of 343 and 149?
1
Calculate the highest common divisor of 72 and 2104.
8
Calculate the highest common divisor of 126 and 647874.
18
Calculate the greatest common factor of 423 and 36613.
47
What is the greatest common factor of 95 and 5365505?
95
Calculate the highest common factor of 784 and 3906280.
392
What is the highest common divisor of 347718 and 17?
17
Calculate the highest common factor of 48864 and 2208.
96
Calculate the greatest common factor of 336 and 101976.
168
Calculate the greatest common factor of 268417 and 94.
47
Calculate the highest common divisor of 2514717 and 9.
9
What is the highest common factor of 116 and 86940?
4
Calculate the highest common divisor of 6777 and 405.
27
What is the greatest common divisor of 30 and 2360235?
15
Calculate the greatest common divisor of 5634 and 3474.
18
Calculate the highest common factor of 4424 and 37288.
632
Calculate the highest common factor of 2730 and 1470.
210
Calculate the highest common factor of 927812 and 296.
148
What is the greatest common factor of 20 and 2043220?
20
Calculate the highest common divisor of 6302 and 21574.
46
What is the highest common divisor of 12723 and 147?
3
What is the greatest common factor of 149586 and 1926?
642
What is the highest common divisor of 60 and 90580?
20
Calculate the greatest common divisor of 1479 and 287013.
87
Calculate the highest common divisor of 465 and 449593.
31
What is the highest common divisor of 93282 and 581?
7
Calculate the greatest common divisor of 136343 and 1.
1
Calculate the highest common divisor of 1422 and 76077.
711
What is the highest common factor of 952 and 15904?
56
Calculate the greatest common divisor of 77 and 727859.
11
What is the highest common factor of 747695 and 65?
65
Calculate the highest common divisor of 21378 and 8295.
21
What is the greatest common factor of 715 and 55965?
65
Calculate the highest common factor of 128171 and 402.
67
Calculate the greatest common divisor of 6862 and 29054.
146
Calculate the highest common factor of 608 and 532912.
304
Calculate the greatest common factor of 4279 and 935.
11
Calculate the greatest common factor of 47725 and 4600.
575
What is the highest common divisor of 598038 and 21?
21
What is the greatest common factor of 2600 and 160?
40
Calculate the highest common factor of 52221 and 2472.
309
Calculate the highest common factor of 2200 and 18950.
50
What is the greatest common divisor of 1702 and 120472?
74
Calculate the greatest common factor of 584117 and 5396.
1349
Calculate the greatest common factor of 51783 and 3.
3
Calculate the greatest common factor of 4 and 159356.
4
Calculate the greatest common factor of 2046 and 2915.
11
What is the greatest common factor of 352763 and 1159?
61
What is the greatest common factor of 2028 and 2082?
6
Calculate the greatest common factor of 7424 and 5858.
58
Calculate the highest common factor of 161 and 52619.
7
Calculate the greatest common divisor of 132 and 5058834.
66
What is the greatest common divisor of 162335 and 25?
5
Calculate the greatest common factor of 2765 and 86110.
395
Calculate the highest common factor of 12173 and 7770.
259
Calculate the greatest common factor of 2156 and 14212.
44
What is the highest common factor of 1927 and 12833?
41
What is the greatest common factor of 9141 and 66?
33
What is the greatest common factor of 1079 and 35773?
83
Calculate the highest common factor of 8 and 4590.
2
What is the highest common factor of 674993 and 253?
11
Calculate the greatest common factor of 7788 and 26466.
66
What is the greatest common divisor of 10712 and 9386?
26
Calculate the highest common divisor of 5012832 and 16.
16
What is the highest common divisor of 26562 and 570?
114
Calculate the greatest common factor of 364 and 24724.
28
What is the greatest common factor of 29384 and 24?
8
Calculate the highest common factor of 3584 and 1967.
7
Calculate the greatest common divisor of 18 and 293877.
9
What is the highest common divisor of 1390746 and 21?
21
What is the highest common factor of 1548 and 1092?
12
Calculate the highest common divisor of 11590 and 168970.
610
What is the greatest common factor of 246 and 417954?
246
What is the greatest common divisor of 63025 and 325?
25
What is the highest common divisor of 3 and 489?
3
What is the greatest common factor of 1304050 and 550?
550
Calculate the greatest common factor of 225 and 114525.
225
What is the highest common factor of 36735 and 1085?
155
Calculate the highest common divisor of 8785 and 1085.
35
Calculate the greatest common factor of 760 and 197980.
380
What is the highest common divisor of 297 and 51029?
11
What is the highest common factor of 39 and 790842?
39
Calculate the greatest common divisor of 70496 and 200.
8
What is the highest common divisor of 1925709 and 2476?
619
What is the highest common factor of 121576 and 7?
7
What is the greatest common divisor of